110101?
-110110
In base 10, what is -226 + 1?
-225
In base 14, what is -2c + -a1?
-cd
In base 6, what is -5 + 24501?
24452
In base 8, what is -204 + 7?
-175
In base 16, what is -19ee - 4?
-19f2
In base 2, what is -10001100 - -100100?
-1101000
In base 13, what is 521 + 5?
526
In base 16, what is 1b + -1d3?
-1b8
In base 2, what is -1010010 - 110101?
-10000111
In base 6, what is 3 + -11521?
-11514
In base 3, what is -21 - 1012?
-1110
In base 2, what is 101000 - -101110?
1010110
In base 16, what is -71b + -4?
-71f
In base 11, what is 45 - -4?
49
In base 12, what is -5 - 43?
-48
In base 13, what is 3 + 22?
25
In base 12, what is 39 - -5?
42
In base 8, what is 5 - -1033?
1040
In base 3, what is 11 - 212000?
-211212
In base 15, what is -4 + a?
6
In base 13, what is -1b - -6?
-15
In base 7, what is -2452 + -3?
-2455
In base 11, what is 340 - -5?
345
In base 11, what is -39 + 35?
-4
In base 16, what is -5de - 5?
-5e3
In base 13, what is 2 - 343?
-341
In base 5, what is -40 - -313?
223
In base 10, what is -2 + -44?
-46
In base 14, what is -5 - -597?
592
In base 12, what is 1 + -204?
-203
In base 7, what is 0 - 65?
-65
In base 9, what is -2 + -122?
-124
In base 9, what is -1 + -134?
-135
In base 5, what is -1 + 424?
423
In base 16, what is 13 + 20?
33
In base 12, what is 138 + -5?
133
In base 13, what is -12 - -98?
86
In base 8, what is -3 - -77?
74
In base 12, what is -2 + -38?
-3a
In base 4, what is 11 - -210?
221
In base 7, what is 1166 - -50?
1246
In base 11, what is -10 + 20?
10
In base 11, what is -1 - -374?
373
In base 14, what is -d + c?
-1
In base 6, what is -3324 + 3?
-3321
In base 16, what is -5 + 5a4?
59f
In base 14, what is 19ba - 4?
19b6
In base 12, what is 22 + 43?
65
In base 8, what is 15 - 17?
-2
In base 5, what is 313003 + -3?
313000
In base 10, what is 431 - 2?
429
In base 4, what is -11 - 202213?
-202230
In base 16, what is -9 + -2?
-b
In base 4, what is -222 - -1?
-221
In base 12, what is -20a0 + -4?
-20a4
In base 5, what is -31 + 1104?
1023
In base 4, what is -331 + -1?
-332
In base 9, what is -1347 + -3?
-1351
In base 5, what is -143 + 2?
-141
In base 9, what is 2 + 0?
2
In base 2, what is -111 + -1?
-1000
In base 3, what is 1102 - -101?
1210
In base 2, what is -101010 - -100011?
-111
In base 16, what is 5 - -3b8?
3bd
In base 7, what is -1 + 4251?
4250
In base 6, what is -452 + 1?
-451
In base 10, what is 154 - 1?
153
In base 7, what is -1136 - -5?
-1131
In base 9, what is -24 + -15?
-40
In base 15, what is 191 + -2?
18e
In base 11, what is 10 + -6?
5
In base 13, what is b - -215?
223
In base 12, what is -83 - 5?
-88
In base 14, what is 2c0 - -12?
2d2
In base 11, what is -557 + -4?
-560
In base 6, what is -10 + 13210?
13200
In base 7, what is -64 - 1056?
-1153
In base 13, what is -5 - 49?
-51
In base 4, what is 2 + 1101?
1103
In base 5, what is -40 + 20?
-20
In base 8, what is 33 - -44?
77
In base 5, what is -133 + -11?
-144
In base 11, what is 45 + 0?
45
In base 12, what is -19 + -8?
-25
In base 12, what is 193 + -4?
18b
In base 6, what is 3255 - 0?
3255
In base 12, what is 2 - -253?
255
In base 10, what is -5 + -51?
-56
In base 7, what is 3 + 500?
503
In base 2, what is -101 - -1001101010?
1001100101
In base 10, what is -51 - -1?
-50
In base 15, what is 9 - -258?
262
In base 10, what is 0 - -4628?
4628
In base 6, what is 13 + -14?
-1
In base 7, what is -5 + 34055?
34050
In base 14, what is 157 + -9?
14c
In base 7, what is -2 - -22042?
22040
In base 16, what is -5 + -197?
-19c
In base 7, what is -2 + 231?
226
In base 11, what is 98 + 5?
a2
In base 9, what is -35 - 67?
-113
In base 10, what is -2 - 119?
-121
In base 14, what is 4 + -37?
-33
In base 5, what is 2 - 223?
-221
In base 8, what is -272 + -1?
-273
In base 4, what is -20 + 212001?
211321
In base 7, what is -2 + -504?
-506
In base 5, what is -3 + -10?
-13
In base 6, what is 1022 + -2?
1020
In base 6, what is 15 - 4524?
-4505
In base 12, what is -2499 + 1?
-2498
In base 11, what is a8 - 16?
92
In base 13, what is 57 - -8a?
114
In base 12, what is -1 - -169?
168
In base 11, what is -a - -701?
6a2
In base 2, what is -110 - 100010?
-101000
In base 14, what is -c - 10?
-1c
In base 13, what is 132 + 5?
137
In base 15, what is -9 - 413?
-41c
In base 9, what is 2 - -138?
141
In base 9, what is 2 - -76?
78
In base 2, what is -1001 - -110000?
100111
In base 2, what is -101100 + -11?
-101111
In base 3, what is -101 + -10201?
-11002
In base 10, what is -344 - -2?
-342
In base 12, what is -2 + 921?
91b
In base 11, what is 214 + 15?
229
In base 16, what is 1 - -55?
56
In base 11, what is 73 - 5?
69
In base 7, what is 5 - -1?
6
In base 6, what is 2 + 114?
120
In base 15, what is -2 + 5d?
5b
In base 12, what is 259 - 4?
255
In base 2, what is 1011111001 - 10?
1011110111
In base 5, what is 2 + 124?
131
In base 14, what is 7 - -60?
67
In base 10, what is -60 + 54?
-6
In base 14, what is -8 + 7?
-1
In base 4, what is -11 + 20200?
20123
In base 15, what is -32 + -20?
-52
In base 14, what is 7c + -5?
77
In base 15, what is -3 + -25?
-28
In base 7, what is -2353 - -5?
-2345
In base 7, what is -3 + -335?
-341
In base 9, what is 361 - -2?
363
In base 6, what is -5555 - -1?
-5554
In base 7, what is 445 - 4?
441
In base 8, what is 2 + -2301?
-2277
In base 15, what is 0 - e7?
-e7
In base 12, what is 5 + -21?
-18
In base 4, what is -1313 + 21?
-1232
In base 6, what is -23131 + -4?
-23135
In base 16, what is -6 + -31?
-37
In base 3, what is 122112 + 120?
200002
In base 8, what is 14 - 42?
-26
In base 10, what is 0 + -104?
-104
In base 14, what is 151 - -15?
166
In base 11, what is 32 + -368?
-336
In base 3, what is 20012 - 2?
20010
In base 3, what is 10 - -201?
211
In base 5, what is 20 - 1401?
-1331
In base 13, what is 880 - -4?
884
In base 3, what is 12200210 + 11?
12200221
In base 10, what is -226 + -4?
-230
In base 7, what is -16 + 235?
216
In base 15, what is -1 + 199?
198
In base 5, what is 3124 - -2?
3131
In base 3, what is 122 - 1002?
-110
In base 7, what is 6123 + 6?
6132
In base 9, what is 5 + -144?
-138
In base 16, what is 3 + -35?
-32
In base 8, what is -525 - 4?
-531
In base 10, what is -1686 - -1?
-1685
In base 3, what is 10 + -12121?
-12111
In base 9, what is 0 + -325?
-325
In base 3, what is 11 + 20201?
20212
In base 8, what is -1427 - -4?
-1423
In base 10, what is -26 + 40?
14
In base 11, what is -26 + 58?
32
In base 7, what is 3 + -141?
-135
In base 9, what is -453 - -3?
-450
In base 6, what is 23243 + -2?
23241
In base 9, what is 0 + 886?
886
In base 6, what is -10 + -32?
-42
In base 11, what is 4097 - 1?
4096
In base 9, what is 2 + -61?
-58
In base 2, what is -1 - -1111000?
1110111
In base 8, what is -7 + -355?
-364
In base 8, what is -7356 - -1?
-7355
In base 13, what is -76 - -7?
-6c
In base 5, what is -40 + 12431?
12341
In base 7, what is 0 + -1462?
-1462
In base 4, what is 322 - -113?
1101
In base 16, what is 622 + 5?
627
In base 12, what is -6 - -35?
2b
In base 14, what is -4 - -732?
72c
In base 5, what is 0 - 1422?
-1422
In base 5, what is -1130024 + 10?
-1130014
In base 14, what is -1a75 - -2?
-1a73
In base 3, what is 1010101 - 12?
1010012
In base 6, what is -4231 + -4?
-4235
In base 7, what is -34 - -161?
124
In base 15, what is 2b + -6?
25
In base 4, what is 133 - -3222?
10021
In base 12, what is 0 + 427?
427
In base 10, what is -114 + -5?
-119
In base 6, what is -22550 + 4?
-22542
In base 13, what is -1c - 108?
-127
In base 5, what is 1114 - 1?
1113
In base 10, what is 3 - -62?
65
In base 10, what is 76 + 30?
106
In base 12, what is 232 - -3?
235
In base 14, what is 351 + 3?
354
In base 9, what is -4 - -6285?
6281
In base 2, what is -1011001 - 1?
-1011010
In base 6, what is 4 - 1543?
-1535
In base 6, what is 3502 + 4?
3510
In base 13, what is -1c2 - 2?
-1c4
In base 2, what is -111001011 + 10?
-111001001
In base 16, what is -163 - -4?
-15f
In base 12, what is 0 + -12?
-12
In base 7, what is -6 + -214?
-223
In base 16, what is -108 - -3?
-105
In base 2, what is -10010001011100 - 1?
-10010001011101
In base 15, what is 0 - 12e?
-12e
In base 7, what is -2224 + -26?
-2253
In base 4, what is 1130 + -3?
1121
In base 11, what is 1663 - -5?
1668
In base 9, what is -2 - 128?
-131
In base 4, what is 23100 + 11?
23111
In base 4, what is 3 - 3002?
-2333
In base 8, what is -6 + 100?